{"id":2543,"date":"2025-08-21T13:45:15","date_gmt":"2025-08-21T11:45:15","guid":{"rendered":"http:\/\/lafarandole.org\/?page_id=2543"},"modified":"2025-08-21T13:45:15","modified_gmt":"2025-08-21T11:45:15","slug":"atelier-decoration-de-noel","status":"publish","type":"page","link":"https:\/\/lafarandole.org\/?page_id=2543","title":{"rendered":"ATELIER DECORATION DE NOEL"},"content":{"rendered":"\n<p>Animatrice : Edith SAUBIN<\/p>\n\n\n\n<p>Pendant les vacances de Toussaint, Edith vous invite \u00e0 participer \u00e0 un atelier de cr\u00e9ation de d\u00e9corations de No\u00ebl, personnalis\u00e9es et faciles \u00e0 r\u00e9aliser : Suspensions pour le sapin, d\u00e9cors muraux, &#8230; en papier, carton, \u00e9l\u00e9ments v\u00e9g\u00e9taux, etc.<br>Venez les mains dans les poches, mais en tenue de bricolage, et repartez avec vos propres r\u00e9alisations.<\/p>\n\n\n\n<p>Cours de 10h00 \u00e0 12h00 ou 14h00 \u00e0 16h00<br>Les Mercredis 22 et 29 Octobre et le Samedi 25 Octobre<\/p>\n\n\n\n<p>Ouvert \u00e0 tous \u00e0 partir de 10 ans.<\/p>\n\n\n\n<p>Tarif pour la s\u00e9ance de 2 heures : 12\u20ac pour les adh\u00e9rents et 17\u20ac pour les non adh\u00e9rents<\/p>\n\n\n\n<p>Lieu : Salle de Jeunes<\/p>\n","protected":false},"excerpt":{"rendered":"<p>Animatrice : Edith SAUBIN Pendant les vacances de Toussaint, Edith vous invite \u00e0 participer \u00e0 un atelier de cr\u00e9ation de d\u00e9corations de No\u00ebl, personnalis\u00e9es et faciles \u00e0 r\u00e9aliser : Suspensions pour le sapin, d\u00e9cors muraux, &#8230; en papier, carton, \u00e9l\u00e9ments v\u00e9g\u00e9taux, etc.Venez les mains dans les poches, mais en tenue de bricolage, et repartez avec <a href=\"https:\/\/lafarandole.org\/?page_id=2543\" rel=\"nofollow\"><span class=\"sr-only\">En savoir plus surATELIER DECORATION DE NOEL<\/span>[&hellip;]<\/a><\/p>\n","protected":false},"author":5,"featured_media":0,"parent":0,"menu_order":0,"comment_status":"closed","ping_status":"closed","template":"","meta":{"ngg_post_thumbnail":0,"footnotes":""},"class_list":["post-2543","page","type-page","status-publish","hentry"],"_links":{"self":[{"href":"https:\/\/lafarandole.org\/index.php?rest_route=\/wp\/v2\/pages\/2543","targetHints":{"allow":["GET"]}}],"collection":[{"href":"https:\/\/lafarandole.org\/index.php?rest_route=\/wp\/v2\/pages"}],"about":[{"href":"https:\/\/lafarandole.org\/index.php?rest_route=\/wp\/v2\/types\/page"}],"author":[{"embeddable":true,"href":"https:\/\/lafarandole.org\/index.php?rest_route=\/wp\/v2\/users\/5"}],"replies":[{"embeddable":true,"href":"https:\/\/lafarandole.org\/index.php?rest_route=%2Fwp%2Fv2%2Fcomments&post=2543"}],"version-history":[{"count":2,"href":"https:\/\/lafarandole.org\/index.php?rest_route=\/wp\/v2\/pages\/2543\/revisions"}],"predecessor-version":[{"id":3515,"href":"https:\/\/lafarandole.org\/index.php?rest_route=\/wp\/v2\/pages\/2543\/revisions\/3515"}],"wp:attachment":[{"href":"https:\/\/lafarandole.org\/index.php?rest_route=%2Fwp%2Fv2%2Fmedia&parent=2543"}],"curies":[{"name":"wp","href":"https:\/\/api.w.org\/{rel}","templated":true}]}}