{"id":3074,"date":"2022-09-11T17:44:27","date_gmt":"2022-09-11T15:44:27","guid":{"rendered":"http:\/\/lafarandole.org\/?page_id=3074"},"modified":"2025-08-21T10:59:24","modified_gmt":"2025-08-21T08:59:24","slug":"gym-adulte","status":"publish","type":"page","link":"https:\/\/lafarandole.org\/?page_id=3074","title":{"rendered":"Gym adulte"},"content":{"rendered":"\n<h3 class=\"wp-block-heading has-text-align-center\" id=\"sommaire_1\">Pr\u00e9sentation de l&rsquo;activit\u00e9<\/h3>\n\n\n\n<p class=\"has-text-align-left\">La diversit\u00e9 des exercices propos\u00e9s, sur un fond musical adapt\u00e9, permet de construire une s\u00e9ance efficace pour chacun.e et quel que soit son \u00e2ge.<\/p>\n\n\n\n<p class=\"has-text-align-left\">Un travail sur le d\u00e9veloppement de la souplesse articulaire, renforcement musculaire, habilit\u00e9 motrice et \u00e9quilibre.<br>13 adh\u00e9rents minimum<\/p>\n\n\n\n<p><strong>Enseignante<\/strong> : Muriel V. <br><strong>Cours le LUNDI <\/strong>de 20h30 \u00e0 21h30 <strong>salle d&rsquo;activit\u00e9 Verte<\/strong><br><strong>Tarif<\/strong> 190\u20ac\/an<\/p>\n\n\n\n<p><strong>1er cours Lundi 8 septembre 2025<\/strong><\/p>\n\n\n\n<p><\/p>\n","protected":false},"excerpt":{"rendered":"<p>Pr\u00e9sentation de l&rsquo;activit\u00e9 La diversit\u00e9 des exercices propos\u00e9s, sur un fond musical adapt\u00e9, permet de construire une s\u00e9ance efficace pour chacun.e et quel que soit son \u00e2ge. Un travail sur le d\u00e9veloppement de la souplesse articulaire, renforcement musculaire, habilit\u00e9 motrice et \u00e9quilibre.13 adh\u00e9rents minimum Enseignante : Muriel V. Cours le LUNDI de 20h30 \u00e0 21h30 <a href=\"https:\/\/lafarandole.org\/?page_id=3074\" rel=\"nofollow\"><span class=\"sr-only\">En savoir plus surGym adulte<\/span>[&hellip;]<\/a><\/p>\n","protected":false},"author":5,"featured_media":0,"parent":0,"menu_order":0,"comment_status":"closed","ping_status":"closed","template":"","meta":{"ngg_post_thumbnail":0,"footnotes":""},"class_list":["post-3074","page","type-page","status-publish","hentry"],"_links":{"self":[{"href":"https:\/\/lafarandole.org\/index.php?rest_route=\/wp\/v2\/pages\/3074","targetHints":{"allow":["GET"]}}],"collection":[{"href":"https:\/\/lafarandole.org\/index.php?rest_route=\/wp\/v2\/pages"}],"about":[{"href":"https:\/\/lafarandole.org\/index.php?rest_route=\/wp\/v2\/types\/page"}],"author":[{"embeddable":true,"href":"https:\/\/lafarandole.org\/index.php?rest_route=\/wp\/v2\/users\/5"}],"replies":[{"embeddable":true,"href":"https:\/\/lafarandole.org\/index.php?rest_route=%2Fwp%2Fv2%2Fcomments&post=3074"}],"version-history":[{"count":6,"href":"https:\/\/lafarandole.org\/index.php?rest_route=\/wp\/v2\/pages\/3074\/revisions"}],"predecessor-version":[{"id":3477,"href":"https:\/\/lafarandole.org\/index.php?rest_route=\/wp\/v2\/pages\/3074\/revisions\/3477"}],"wp:attachment":[{"href":"https:\/\/lafarandole.org\/index.php?rest_route=%2Fwp%2Fv2%2Fmedia&parent=3074"}],"curies":[{"name":"wp","href":"https:\/\/api.w.org\/{rel}","templated":true}]}}