{"id":3300,"date":"2025-01-18T23:37:30","date_gmt":"2025-01-18T21:37:30","guid":{"rendered":"https:\/\/lafarandole.org\/?page_id=3300"},"modified":"2025-08-21T10:30:44","modified_gmt":"2025-08-21T08:30:44","slug":"danse-de-plein-potentiel","status":"publish","type":"page","link":"https:\/\/lafarandole.org\/?page_id=3300","title":{"rendered":"Danse de Plein Potentiel"},"content":{"rendered":"\n<p>Danse de Plein Potentiel<\/p>\n\n\n\n<p> Professeur : Marie DENIS<\/p>\n\n\n\n<p>Cours bimensuel en 17 s\u00e9ances 180 \u20ac Salle d\u2019activit\u00e9 Verte les Jeudi de 19h00-21h00<\/p>\n\n\n\n<p><br>Soutenu.e par la musique, tu te laisses porter par ta danse. En te reconnectant \u00e0 toi, tu lib\u00e8res tes \u00e9motions et ton potentiel cr\u00e9ateur par les voies du corps, de l\u2019art et de la parole. Ici, pas de chor\u00e9graphie ni de technique, mais plut\u00f4t l\u2019opportunit\u00e9 d\u2019oser \u00eatre toi. Marie, artiste et facilitatrice certifi\u00e9e, t\u2019accompagne tout en douceur dans un voyage intense vers toi. Alors, pr\u00eat(e) \u00e0 rallumer ton feu ?<\/p>\n\n\n\n<p><br>1er cours le Jeudi 18 septembre<\/p>\n\n\n\n<p>Pour contacter Marie : T. 06 88 05 18 30 \/ envie-arts-sensibles@gmail.com \/<br><\/p>\n\n\n\n<p><\/p>\n","protected":false},"excerpt":{"rendered":"<p>Danse de Plein Potentiel Professeur : Marie DENIS Cours bimensuel en 17 s\u00e9ances 180 \u20ac Salle d\u2019activit\u00e9 Verte les Jeudi de 19h00-21h00 Soutenu.e par la musique, tu te laisses porter par ta danse. En te reconnectant \u00e0 toi, tu lib\u00e8res tes \u00e9motions et ton potentiel cr\u00e9ateur par les voies du corps, de l\u2019art et de <a href=\"https:\/\/lafarandole.org\/?page_id=3300\" rel=\"nofollow\"><span class=\"sr-only\">En savoir plus surDanse de Plein Potentiel<\/span>[&hellip;]<\/a><\/p>\n","protected":false},"author":5,"featured_media":0,"parent":3262,"menu_order":0,"comment_status":"closed","ping_status":"closed","template":"","meta":{"ngg_post_thumbnail":0,"footnotes":""},"class_list":["post-3300","page","type-page","status-publish","hentry"],"_links":{"self":[{"href":"https:\/\/lafarandole.org\/index.php?rest_route=\/wp\/v2\/pages\/3300","targetHints":{"allow":["GET"]}}],"collection":[{"href":"https:\/\/lafarandole.org\/index.php?rest_route=\/wp\/v2\/pages"}],"about":[{"href":"https:\/\/lafarandole.org\/index.php?rest_route=\/wp\/v2\/types\/page"}],"author":[{"embeddable":true,"href":"https:\/\/lafarandole.org\/index.php?rest_route=\/wp\/v2\/users\/5"}],"replies":[{"embeddable":true,"href":"https:\/\/lafarandole.org\/index.php?rest_route=%2Fwp%2Fv2%2Fcomments&post=3300"}],"version-history":[{"count":3,"href":"https:\/\/lafarandole.org\/index.php?rest_route=\/wp\/v2\/pages\/3300\/revisions"}],"predecessor-version":[{"id":3465,"href":"https:\/\/lafarandole.org\/index.php?rest_route=\/wp\/v2\/pages\/3300\/revisions\/3465"}],"up":[{"embeddable":true,"href":"https:\/\/lafarandole.org\/index.php?rest_route=\/wp\/v2\/pages\/3262"}],"wp:attachment":[{"href":"https:\/\/lafarandole.org\/index.php?rest_route=%2Fwp%2Fv2%2Fmedia&parent=3300"}],"curies":[{"name":"wp","href":"https:\/\/api.w.org\/{rel}","templated":true}]}}