{"id":3333,"date":"2025-01-19T17:47:47","date_gmt":"2025-01-19T15:47:47","guid":{"rendered":"https:\/\/lafarandole.org\/?page_id=3333"},"modified":"2025-01-19T17:47:48","modified_gmt":"2025-01-19T15:47:48","slug":"assemblee-generale","status":"publish","type":"page","link":"https:\/\/lafarandole.org\/?page_id=3333","title":{"rendered":"Assembl\u00e9e G\u00e9n\u00e9rale"},"content":{"rendered":"\n<h2 class=\"wp-block-heading\">Date et Lieu <\/h2>\n\n\n\n<p>Prochaine Assembl\u00e9e : 2025 Date et Lieu \u00e0 d\u00e9finir.<\/p>\n\n\n\n<p><\/p>\n\n\n\n<p><\/p>\n","protected":false},"excerpt":{"rendered":"<p>Date et Lieu Prochaine Assembl\u00e9e : 2025 Date et Lieu \u00e0 d\u00e9finir.<\/p>\n","protected":false},"author":5,"featured_media":0,"parent":0,"menu_order":0,"comment_status":"closed","ping_status":"closed","template":"","meta":{"ngg_post_thumbnail":0,"footnotes":""},"class_list":["post-3333","page","type-page","status-publish","hentry"],"_links":{"self":[{"href":"https:\/\/lafarandole.org\/index.php?rest_route=\/wp\/v2\/pages\/3333","targetHints":{"allow":["GET"]}}],"collection":[{"href":"https:\/\/lafarandole.org\/index.php?rest_route=\/wp\/v2\/pages"}],"about":[{"href":"https:\/\/lafarandole.org\/index.php?rest_route=\/wp\/v2\/types\/page"}],"author":[{"embeddable":true,"href":"https:\/\/lafarandole.org\/index.php?rest_route=\/wp\/v2\/users\/5"}],"replies":[{"embeddable":true,"href":"https:\/\/lafarandole.org\/index.php?rest_route=%2Fwp%2Fv2%2Fcomments&post=3333"}],"version-history":[{"count":1,"href":"https:\/\/lafarandole.org\/index.php?rest_route=\/wp\/v2\/pages\/3333\/revisions"}],"predecessor-version":[{"id":3334,"href":"https:\/\/lafarandole.org\/index.php?rest_route=\/wp\/v2\/pages\/3333\/revisions\/3334"}],"wp:attachment":[{"href":"https:\/\/lafarandole.org\/index.php?rest_route=%2Fwp%2Fv2%2Fmedia&parent=3333"}],"curies":[{"name":"wp","href":"https:\/\/api.w.org\/{rel}","templated":true}]}}