{"id":3336,"date":"2025-01-19T18:04:09","date_gmt":"2025-01-19T16:04:09","guid":{"rendered":"https:\/\/lafarandole.org\/?page_id=3336"},"modified":"2026-04-19T12:28:39","modified_gmt":"2026-04-19T10:28:39","slug":"dates-et-evenements","status":"publish","type":"page","link":"https:\/\/lafarandole.org\/?page_id=3336","title":{"rendered":"Dates et Ev\u00e9nements"},"content":{"rendered":"\n<figure class=\"wp-block-image size-large\"><a href=\"https:\/\/lafarandole.org\/wp-content\/uploads\/2026\/04\/IMG-20260417-WA0004.avif\"><img data-dominant-color=\"c66e87\" data-has-transparency=\"false\" style=\"--dominant-color: #c66e87;\" loading=\"lazy\" decoding=\"async\" width=\"724\" height=\"1024\" src=\"https:\/\/lafarandole.org\/wp-content\/uploads\/2026\/04\/IMG-20260417-WA0004-724x1024.avif\" alt=\"\" class=\"wp-image-3579 not-transparent\" srcset=\"https:\/\/lafarandole.org\/wp-content\/uploads\/2026\/04\/IMG-20260417-WA0004-724x1024.avif 724w, https:\/\/lafarandole.org\/wp-content\/uploads\/2026\/04\/IMG-20260417-WA0004-212x300.avif 212w, https:\/\/lafarandole.org\/wp-content\/uploads\/2026\/04\/IMG-20260417-WA0004-768x1086.avif 768w, https:\/\/lafarandole.org\/wp-content\/uploads\/2026\/04\/IMG-20260417-WA0004-1086x1536.avif 1086w, https:\/\/lafarandole.org\/wp-content\/uploads\/2026\/04\/IMG-20260417-WA0004.avif 1414w\" sizes=\"auto, (max-width: 724px) 100vw, 724px\" \/><\/a><\/figure>\n\n\n\n<hr class=\"wp-block-separator has-alpha-channel-opacity\"\/>\n\n\n\n<figure class=\"wp-block-image size-large\"><a href=\"https:\/\/lafarandole.org\/wp-content\/uploads\/2026\/02\/IMG-20260211-WA00011.jpg\"><img loading=\"lazy\" decoding=\"async\" width=\"799\" height=\"1024\" src=\"https:\/\/lafarandole.org\/wp-content\/uploads\/2026\/02\/IMG-20260211-WA00011-799x1024.jpg\" alt=\"\" class=\"wp-image-3566\" srcset=\"https:\/\/lafarandole.org\/wp-content\/uploads\/2026\/02\/IMG-20260211-WA00011-799x1024.jpg 799w, https:\/\/lafarandole.org\/wp-content\/uploads\/2026\/02\/IMG-20260211-WA00011-234x300.jpg 234w, https:\/\/lafarandole.org\/wp-content\/uploads\/2026\/02\/IMG-20260211-WA00011-768x984.jpg 768w, https:\/\/lafarandole.org\/wp-content\/uploads\/2026\/02\/IMG-20260211-WA00011-1199x1536.jpg 1199w, https:\/\/lafarandole.org\/wp-content\/uploads\/2026\/02\/IMG-20260211-WA00011.jpg 1249w\" sizes=\"auto, (max-width: 799px) 100vw, 799px\" \/><\/a><\/figure>\n\n\n\n<hr class=\"wp-block-separator has-alpha-channel-opacity\"\/>\n\n\n\n<figure class=\"wp-block-image size-large\"><a href=\"https:\/\/lafarandole.org\/wp-content\/uploads\/2026\/02\/IMG-20260213-WA00001.jpg\"><img loading=\"lazy\" decoding=\"async\" width=\"738\" height=\"1024\" src=\"https:\/\/lafarandole.org\/wp-content\/uploads\/2026\/02\/IMG-20260213-WA00001-738x1024.jpg\" alt=\"\" class=\"wp-image-3565\" srcset=\"https:\/\/lafarandole.org\/wp-content\/uploads\/2026\/02\/IMG-20260213-WA00001-738x1024.jpg 738w, https:\/\/lafarandole.org\/wp-content\/uploads\/2026\/02\/IMG-20260213-WA00001-216x300.jpg 216w, https:\/\/lafarandole.org\/wp-content\/uploads\/2026\/02\/IMG-20260213-WA00001-768x1066.jpg 768w, https:\/\/lafarandole.org\/wp-content\/uploads\/2026\/02\/IMG-20260213-WA00001-1107x1536.jpg 1107w, https:\/\/lafarandole.org\/wp-content\/uploads\/2026\/02\/IMG-20260213-WA00001.jpg 1476w\" sizes=\"auto, (max-width: 738px) 100vw, 738px\" \/><\/a><\/figure>\n\n\n\n<hr class=\"wp-block-separator has-alpha-channel-opacity\"\/>\n\n\n\n<figure class=\"wp-block-image size-full is-resized\"><a href=\"https:\/\/lafarandole.org\/wp-content\/uploads\/2026\/02\/0d85b2f1.png\"><img loading=\"lazy\" decoding=\"async\" width=\"600\" height=\"306\" src=\"https:\/\/lafarandole.org\/wp-content\/uploads\/2026\/02\/0d85b2f1.png\" alt=\"\" class=\"wp-image-3569\" style=\"aspect-ratio:1.9607981635175702;width:840px;height:auto\" srcset=\"https:\/\/lafarandole.org\/wp-content\/uploads\/2026\/02\/0d85b2f1.png 600w, https:\/\/lafarandole.org\/wp-content\/uploads\/2026\/02\/0d85b2f1-300x153.png 300w\" sizes=\"auto, (max-width: 600px) 100vw, 600px\" \/><\/a><\/figure>\n\n\n\n<p>Venez c\u00e9l\u00e9brer la f\u00eate de la Farandole <mark style=\"background-color:rgba(0, 0, 0, 0)\" class=\"has-inline-color has-vivid-red-color\">le <strong>Dimanche 13 Juin 2026<\/strong><\/mark> \u00e0 la salle des f\u00eates de Saint Just D&rsquo;Avray.<\/p>\n\n\n\n<hr class=\"wp-block-separator has-alpha-channel-opacity\"\/>\n\n\n\n<figure class=\"wp-block-image size-large\"><a href=\"https:\/\/lafarandole.org\/wp-content\/uploads\/2025\/08\/vente-20-sept-2025-affiche-2-panneaux.png\"><img loading=\"lazy\" decoding=\"async\" width=\"716\" height=\"1024\" src=\"https:\/\/lafarandole.org\/wp-content\/uploads\/2025\/08\/vente-20-sept-2025-affiche-2-panneaux-716x1024.png\" alt=\"\" class=\"wp-image-3525\" srcset=\"https:\/\/lafarandole.org\/wp-content\/uploads\/2025\/08\/vente-20-sept-2025-affiche-2-panneaux-716x1024.png 716w, https:\/\/lafarandole.org\/wp-content\/uploads\/2025\/08\/vente-20-sept-2025-affiche-2-panneaux-210x300.png 210w, https:\/\/lafarandole.org\/wp-content\/uploads\/2025\/08\/vente-20-sept-2025-affiche-2-panneaux-768x1098.png 768w, https:\/\/lafarandole.org\/wp-content\/uploads\/2025\/08\/vente-20-sept-2025-affiche-2-panneaux.png 895w\" sizes=\"auto, (max-width: 716px) 100vw, 716px\" \/><\/a><\/figure>\n\n\n\n<div class=\"wp-block-group is-layout-grid wp-container-core-group-is-layout-9649a0d9 wp-block-group-is-layout-grid\">\n<div class=\"wp-block-group\"><div class=\"wp-block-group__inner-container is-layout-constrained wp-block-group-is-layout-constrained\">\n<figure class=\"wp-block-image size-large\"><img decoding=\"async\" src=\"https:\/\/www.saintmichel-de-rieufret.fr\/wp-content\/uploads\/2020\/04\/inscriptions.jpg\" alt=\"\"\/><\/figure>\n<\/div><\/div>\n\n\n\n<p class=\"has-text-align-center wp-container-content-5f80b302\"><strong>INSCRIPTION<\/strong> : le 13 Septembre 2025 de 10h \u00e0 12h et de 14h \u00e0 17H \u00e0 la SALLE DES JEUNES<\/p>\n<\/div>\n\n\n\n<p><strong>Vente de plats \u00e0 emporter<\/strong> : le 20 Septembre 2025<\/p>\n\n\n\n<p><\/p>\n\n\n\n<div class=\"wp-block-columns is-layout-flex wp-container-core-columns-is-layout-9d6595d7 wp-block-columns-is-layout-flex\">\n<div class=\"wp-block-column is-layout-flow wp-block-column-is-layout-flow\">\n<figure class=\"wp-block-image size-large\"><img decoding=\"async\" src=\"https:\/\/upload.wikimedia.org\/wikipedia\/fr\/thumb\/c\/ce\/Logo_T%C3%A9l%C3%A9thon_France.svg\/800px-Logo_T%C3%A9l%C3%A9thon_France.svg.png\" alt=\"\"\/><\/figure>\n<\/div>\n\n\n\n<div class=\"wp-block-column is-vertically-aligned-center is-layout-flow wp-block-column-is-layout-flow\">\n<p>: les 5 et 6 D\u00e9cembre 2026<\/p>\n<\/div>\n<\/div>\n\n\n\n<h2 class=\"wp-block-heading\">F\u00eate de La Farandole<\/h2>\n\n\n\n<p><\/p>\n","protected":false},"excerpt":{"rendered":"<p>Venez c\u00e9l\u00e9brer la f\u00eate de la Farandole le Dimanche 13 Juin 2026 \u00e0 la salle des f\u00eates de Saint Just D&rsquo;Avray. INSCRIPTION : le 13 Septembre 2025 de 10h \u00e0 12h et de 14h \u00e0 17H \u00e0 la SALLE DES JEUNES Vente de plats \u00e0 emporter : le 20 Septembre 2025 : les 5 et <a href=\"https:\/\/lafarandole.org\/?page_id=3336\" rel=\"nofollow\"><span class=\"sr-only\">En savoir plus surDates et Ev\u00e9nements<\/span>[&hellip;]<\/a><\/p>\n","protected":false},"author":5,"featured_media":0,"parent":0,"menu_order":0,"comment_status":"closed","ping_status":"closed","template":"","meta":{"ngg_post_thumbnail":0,"footnotes":""},"class_list":["post-3336","page","type-page","status-publish","hentry"],"_links":{"self":[{"href":"https:\/\/lafarandole.org\/index.php?rest_route=\/wp\/v2\/pages\/3336","targetHints":{"allow":["GET"]}}],"collection":[{"href":"https:\/\/lafarandole.org\/index.php?rest_route=\/wp\/v2\/pages"}],"about":[{"href":"https:\/\/lafarandole.org\/index.php?rest_route=\/wp\/v2\/types\/page"}],"author":[{"embeddable":true,"href":"https:\/\/lafarandole.org\/index.php?rest_route=\/wp\/v2\/users\/5"}],"replies":[{"embeddable":true,"href":"https:\/\/lafarandole.org\/index.php?rest_route=%2Fwp%2Fv2%2Fcomments&post=3336"}],"version-history":[{"count":12,"href":"https:\/\/lafarandole.org\/index.php?rest_route=\/wp\/v2\/pages\/3336\/revisions"}],"predecessor-version":[{"id":3586,"href":"https:\/\/lafarandole.org\/index.php?rest_route=\/wp\/v2\/pages\/3336\/revisions\/3586"}],"wp:attachment":[{"href":"https:\/\/lafarandole.org\/index.php?rest_route=%2Fwp%2Fv2%2Fmedia&parent=3336"}],"curies":[{"name":"wp","href":"https:\/\/api.w.org\/{rel}","templated":true}]}}