{"id":3389,"date":"2025-01-19T19:24:32","date_gmt":"2025-01-19T17:24:32","guid":{"rendered":"https:\/\/lafarandole.org\/?page_id=3389"},"modified":"2025-01-19T19:24:32","modified_gmt":"2025-01-19T17:24:32","slug":"chant-collectif","status":"publish","type":"page","link":"https:\/\/lafarandole.org\/?page_id=3389","title":{"rendered":"CHANT COLLECTIF"},"content":{"rendered":"\n<p>Chant Collectif \u00e0 partir de 16 ans <\/p>\n\n\n\n<p>Professeur : Pascal CARRE et Guillaume JEANNE<br>Tarif : 60 \u20ac <\/p>\n\n\n\n<p>Lieu : Salle d\u2019activit\u00e9 Verte<br>10h00-17h00<\/p>\n\n\n\n<p><br>Pascal et Guillaume, professeurs dipl\u00f4m\u00e9s, vous proposent un weekend pour chanter en chorale avec d\u2019autres amateurs, juste pour le plaisir. Ce travail collectif sur la<br>pratique vocale, sous une forme ludique et vivante, sera accompagn\u00e9 au piano. Des chansons, issues du r\u00e9pertoire de la chanson fran\u00e7aise, vous y seront propos\u00e9es<br>(contenu du stage, chansons et textes fournis en amont).<br>Stage Samedi 9 et Dimanche 10 novembre 2024 Un deuxi\u00e8me stage est envisag\u00e9 en 2025 &#8211; Dates fournies ult\u00e9rieurement<\/p>\n\n\n\n<p><\/p>\n","protected":false},"excerpt":{"rendered":"<p>Chant Collectif \u00e0 partir de 16 ans Professeur : Pascal CARRE et Guillaume JEANNETarif : 60 \u20ac Lieu : Salle d\u2019activit\u00e9 Verte10h00-17h00 Pascal et Guillaume, professeurs dipl\u00f4m\u00e9s, vous proposent un weekend pour chanter en chorale avec d\u2019autres amateurs, juste pour le plaisir. Ce travail collectif sur lapratique vocale, sous une forme ludique et vivante, sera <a href=\"https:\/\/lafarandole.org\/?page_id=3389\" rel=\"nofollow\"><span class=\"sr-only\">En savoir plus surCHANT COLLECTIF<\/span>[&hellip;]<\/a><\/p>\n","protected":false},"author":5,"featured_media":0,"parent":3262,"menu_order":0,"comment_status":"closed","ping_status":"closed","template":"","meta":{"ngg_post_thumbnail":0,"footnotes":""},"class_list":["post-3389","page","type-page","status-publish","hentry"],"_links":{"self":[{"href":"https:\/\/lafarandole.org\/index.php?rest_route=\/wp\/v2\/pages\/3389","targetHints":{"allow":["GET"]}}],"collection":[{"href":"https:\/\/lafarandole.org\/index.php?rest_route=\/wp\/v2\/pages"}],"about":[{"href":"https:\/\/lafarandole.org\/index.php?rest_route=\/wp\/v2\/types\/page"}],"author":[{"embeddable":true,"href":"https:\/\/lafarandole.org\/index.php?rest_route=\/wp\/v2\/users\/5"}],"replies":[{"embeddable":true,"href":"https:\/\/lafarandole.org\/index.php?rest_route=%2Fwp%2Fv2%2Fcomments&post=3389"}],"version-history":[{"count":1,"href":"https:\/\/lafarandole.org\/index.php?rest_route=\/wp\/v2\/pages\/3389\/revisions"}],"predecessor-version":[{"id":3390,"href":"https:\/\/lafarandole.org\/index.php?rest_route=\/wp\/v2\/pages\/3389\/revisions\/3390"}],"up":[{"embeddable":true,"href":"https:\/\/lafarandole.org\/index.php?rest_route=\/wp\/v2\/pages\/3262"}],"wp:attachment":[{"href":"https:\/\/lafarandole.org\/index.php?rest_route=%2Fwp%2Fv2%2Fmedia&parent=3389"}],"curies":[{"name":"wp","href":"https:\/\/api.w.org\/{rel}","templated":true}]}}