{"id":36,"date":"2015-07-09T15:30:11","date_gmt":"2015-07-09T15:30:11","guid":{"rendered":"http:\/\/lafarandole.org\/?page_id=36"},"modified":"2022-09-07T19:02:31","modified_gmt":"2022-09-07T17:02:31","slug":"muscu-cardio","status":"publish","type":"page","link":"https:\/\/lafarandole.org\/?page_id=36","title":{"rendered":"Renfo-Cardio"},"content":{"rendered":"<p style=\"text-align: left;\"><span style=\"color: #ff0000;\">&nbsp;&nbsp;&nbsp;&nbsp;&nbsp;&nbsp;&nbsp;&nbsp;&nbsp;&nbsp;&nbsp;&nbsp;&nbsp;&nbsp;&nbsp;&nbsp;&nbsp;<br \/>\n<\/span><\/p>\n<p style=\"text-align: left;\"><span style=\"color: #ff0000;\">&nbsp; &nbsp; &nbsp; &nbsp; &nbsp; &nbsp;&nbsp; &nbsp; <\/span><span style=\"text-decoration: underline; color: #ff0000;\"><br \/>\n<\/span><\/p>\n<h3 id=\"sommaire_1\" style=\"text-align: center;\"><span style=\"text-decoration: underline;\"><span style=\"color: #ff0000; text-decoration: underline;\"><a id=\"presentation\"><\/a> Pr\u00e9sentation de l&rsquo;activit\u00e9<br \/>\n<\/span><\/span><\/h3>\n<p style=\"text-align: center;\">Cours mixte : circuit training, cuisse abdo fessier, strong nation, full body.<br \/>\n8 adh\u00e9rents minimum<\/p>\n<p style=\"text-align: center;\"><span style=\"text-decoration: underline;\"><span style=\"color: #ff0000; text-decoration: underline;\">Professeur &#8211; horaire &#8211; Tarif<\/span><\/span><\/p>\n<p style=\"text-align: center;\"><span style=\"color: #3366ff;\"><strong>Premier cours Mardi 13 septembre<br \/>\n<\/strong><\/span><\/p>\n<table>\n<thead>\n<tr>\n<th class=\"td-profhorairetarif\">Enseignant<\/th>\n<th class=\"td-profhorairetarif\">Horaire<\/th>\n<th class=\"td-profhorairetarif\">Tarif<\/th>\n<th class=\"td-profhorairetarif\">Lieu<\/th>\n<\/tr>\n<\/thead>\n<tbody>\n<tr>\n<td class=\"td-profhorairetarif\">Vanessa ALBA<\/td>\n<td class=\"td-profhorairetarif\" width=\"500px\">MARDI de 18h30 \u00e0 19h30<\/td>\n<td class=\"td-profhorairetarif\">150\u20ac\/an<\/td>\n<td class=\"td-profhorairetarif\">Salle d&rsquo;activit\u00e9s verte<\/td>\n<\/tr>\n<\/tbody>\n<\/table>\n<p style=\"text-align: center;\">&nbsp;<\/p>\n<p style=\"text-align: center;\">&nbsp;<\/p>\n<p style=\"text-align: center;\">&nbsp;<\/p>\n<p style=\"text-align: left;\">&nbsp;<\/p>\n<p style=\"text-align: center;\">&nbsp;<\/p>\n<p style=\"text-align: center;\">&nbsp;<\/p>\n","protected":false},"excerpt":{"rendered":"<p>&nbsp;&nbsp;&nbsp;&nbsp;&nbsp;&nbsp;&nbsp;&nbsp;&nbsp;&nbsp;&nbsp;&nbsp;&nbsp;&nbsp;&nbsp;&nbsp;&nbsp; &nbsp; &nbsp; &nbsp; &nbsp; &nbsp; &nbsp;&nbsp; &nbsp; Pr\u00e9sentation de l&rsquo;activit\u00e9 Cours mixte : circuit training, cuisse abdo fessier, strong nation, full body. 8 adh\u00e9rents minimum Professeur &#8211; horaire &#8211; Tarif Premier cours Mardi 13 septembre Enseignant Horaire Tarif Lieu Vanessa ALBA MARDI de 18h30 \u00e0 19h30 150\u20ac\/an Salle d&rsquo;activit\u00e9s verte &nbsp; &nbsp; &nbsp; &nbsp; <a href=\"https:\/\/lafarandole.org\/?page_id=36\" rel=\"nofollow\"><span class=\"sr-only\">En savoir plus surRenfo-Cardio<\/span>[&hellip;]<\/a><\/p>\n","protected":false},"author":1,"featured_media":0,"parent":439,"menu_order":0,"comment_status":"open","ping_status":"open","template":"template-fullwidth.php","meta":{"ngg_post_thumbnail":0,"footnotes":""},"class_list":["post-36","page","type-page","status-publish","hentry"],"_links":{"self":[{"href":"https:\/\/lafarandole.org\/index.php?rest_route=\/wp\/v2\/pages\/36","targetHints":{"allow":["GET"]}}],"collection":[{"href":"https:\/\/lafarandole.org\/index.php?rest_route=\/wp\/v2\/pages"}],"about":[{"href":"https:\/\/lafarandole.org\/index.php?rest_route=\/wp\/v2\/types\/page"}],"author":[{"embeddable":true,"href":"https:\/\/lafarandole.org\/index.php?rest_route=\/wp\/v2\/users\/1"}],"replies":[{"embeddable":true,"href":"https:\/\/lafarandole.org\/index.php?rest_route=%2Fwp%2Fv2%2Fcomments&post=36"}],"version-history":[{"count":53,"href":"https:\/\/lafarandole.org\/index.php?rest_route=\/wp\/v2\/pages\/36\/revisions"}],"predecessor-version":[{"id":3075,"href":"https:\/\/lafarandole.org\/index.php?rest_route=\/wp\/v2\/pages\/36\/revisions\/3075"}],"up":[{"embeddable":true,"href":"https:\/\/lafarandole.org\/index.php?rest_route=\/wp\/v2\/pages\/439"}],"wp:attachment":[{"href":"https:\/\/lafarandole.org\/index.php?rest_route=%2Fwp%2Fv2%2Fmedia&parent=36"}],"curies":[{"name":"wp","href":"https:\/\/api.w.org\/{rel}","templated":true}]}}

<p style="text-align: left;"><span style="color: #ff0000;">&nbsp;&nbsp;&nbsp;&nbsp;&nbsp;&nbsp;&nbsp;&nbsp;&nbsp;&nbsp;&nbsp;&nbsp;&nbsp;&nbsp;&nbsp;&nbsp;&nbsp;<br />
</span></p>
<p style="text-align: left;"><span style="color: #ff0000;">&nbsp; &nbsp; &nbsp; &nbsp; &nbsp; &nbsp;&nbsp; &nbsp; </span><span style="text-decoration: underline; color: #ff0000;"><br />
</span></p>
<h3 id="sommaire_1" style="text-align: center;"><span style="text-decoration: underline;"><span style="color: #ff0000; text-decoration: underline;"><a id="presentation"></a> Présentation de l&rsquo;activité<br />
</span></span></h3>
<p style="text-align: center;">Cours mixte : circuit training, cuisse abdo fessier, strong nation, full body.<br />
8 adhérents minimum</p>
<p style="text-align: center;"><span style="text-decoration: underline;"><span style="color: #ff0000; text-decoration: underline;">Professeur &#8211; horaire &#8211; Tarif</span></span></p>
<p style="text-align: center;"><span style="color: #3366ff;"><strong>Premier cours Mardi 13 septembre<br />
</strong></span></p>
<table>
<thead>
<tr>
<th class="td-profhorairetarif">Enseignant</th>
<th class="td-profhorairetarif">Horaire</th>
<th class="td-profhorairetarif">Tarif</th>
<th class="td-profhorairetarif">Lieu</th>
</tr>
</thead>
<tbody>
<tr>
<td class="td-profhorairetarif">Vanessa ALBA</td>
<td class="td-profhorairetarif" width="500px">MARDI de 18h30 à 19h30</td>
<td class="td-profhorairetarif">150€/an</td>
<td class="td-profhorairetarif">Salle d&rsquo;activités verte</td>
</tr>
</tbody>
</table>
<p style="text-align: center;">&nbsp;</p>
<p style="text-align: center;">&nbsp;</p>
<p style="text-align: center;">&nbsp;</p>
<p style="text-align: left;">&nbsp;</p>
<p style="text-align: center;">&nbsp;</p>
<p style="text-align: center;">&nbsp;</p>

<p>&nbsp;&nbsp;&nbsp;&nbsp;&nbsp;&nbsp;&nbsp;&nbsp;&nbsp;&nbsp;&nbsp;&nbsp;&nbsp;&nbsp;&nbsp;&nbsp;&nbsp; &nbsp; &nbsp; &nbsp; &nbsp; &nbsp; &nbsp;&nbsp; &nbsp; Présentation de l&rsquo;activité Cours mixte : circuit training, cuisse abdo fessier, strong nation, full body. 8 adhérents minimum Professeur &#8211; horaire &#8211; Tarif Premier cours Mardi 13 septembre Enseignant Horaire Tarif Lieu Vanessa ALBA MARDI de 18h30 à 19h30 150€/an Salle d&rsquo;activités verte &nbsp; &nbsp; &nbsp; &nbsp; <a href="https://lafarandole.org/?page_id=36" rel="nofollow"><span class="sr-only">En savoir plus surRenfo-Cardio</span>[&hellip;]</a></p>
