{"id":40,"date":"2015-07-09T15:31:29","date_gmt":"2015-07-09T15:31:29","guid":{"rendered":"http:\/\/lafarandole.org\/?page_id=40"},"modified":"2022-09-07T15:10:44","modified_gmt":"2022-09-07T13:10:44","slug":"modern-jazz","status":"publish","type":"page","link":"https:\/\/lafarandole.org\/?page_id=40","title":{"rendered":"Cin\u00e9Smart"},"content":{"rendered":"<p><a href=\"https:\/\/lafarandole.org\/wp-content\/uploads\/2021\/07\/Cin\u00e9Smart.jpeg\"><img loading=\"lazy\" decoding=\"async\" class=\"wp-image-2896 size-medium aligncenter\" src=\"https:\/\/lafarandole.org\/wp-content\/uploads\/2021\/07\/Cin\u00e9Smart-300x254.jpeg\" alt=\"\" width=\"300\" height=\"254\" srcset=\"https:\/\/lafarandole.org\/wp-content\/uploads\/2021\/07\/Cin\u00e9Smart-300x254.jpeg 300w, https:\/\/lafarandole.org\/wp-content\/uploads\/2021\/07\/Cin\u00e9Smart-768x650.jpeg 768w, https:\/\/lafarandole.org\/wp-content\/uploads\/2021\/07\/Cin\u00e9Smart.jpeg 936w\" sizes=\"auto, (max-width: 300px) 100vw, 300px\" \/><\/a><span style=\"text-decoration: underline; color: #ff0000;\">Sommaire :<\/span><\/p>\n<ol>\n<li style=\"text-align: left;\"><a href=\"#presentation\">Pr\u00e9sentation de l&rsquo;activit\u00e9<\/a><\/li>\n<li style=\"text-align: left;\"><a href=\"#prof-horaire\">Professeur &#8211; Horaire &#8211; Tarif<\/a><\/li>\n<li style=\"text-align: left;\"><a href=\"#video\">Photos et vid\u00e9os<\/a><\/li>\n<\/ol>\n<h3 style=\"text-align: center;\"><span style=\"text-decoration: underline;\"><span style=\"color: #ff0000; text-decoration: underline;\"><a id=\"presentation\"><\/a> Pr\u00e9sentation de l&rsquo;activit\u00e9<br \/>\n<\/span><\/span><\/h3>\n<p>Saviez-vous qu\u2019avec un Smartphone,\u00a0\u00a0\u00a0 on peut r\u00e9aliser un v\u00e9ritable court-m\u00e9trage\u00a0 !<\/p>\n<p>Cet atelier propose la r\u00e9alisation collective d\u2019un court-m\u00e9trage de sa conception \u00e0 sa projection :<\/p>\n<ul>\n<li>pr\u00e9sentation du projet,<\/li>\n<li>\u00e9criture du synopsis,<\/li>\n<li>d\u00e9coupage,<\/li>\n<li>tournage,<\/li>\n<li>visionnage des rushs et s\u00e9lection,<\/li>\n<li>montage<\/li>\n<li>projection publique.<\/li>\n<\/ul>\n<p><b>Ce collectif de cr\u00e9ation s\u2019adresse aux jeunes \u00e0 partir de 13 \u00e0 17 ans<\/b><\/p>\n<p style=\"text-align: center;\"><span style=\"color: #3366ff;\"><strong>1\u00e8re r\u00e9union LUNDI 12 SEPTEMBRE de 18h \u00e0 19h<\/strong><\/span><\/p>\n<h3 style=\"text-align: center;\"><span style=\"text-decoration: underline;\"><span style=\"color: #ff0000; text-decoration: underline;\">Professeur &#8211; Horaire &#8211; Tarif<br \/>\n<\/span><\/span><\/h3>\n<p><!--\n&nbsp;\n\n&nbsp;\n\n\n<p style=\"text-align: center;\">Enseignant : \u00a0 \u00a0 \u00a0 \u00a0 \u00a0 \u00a0 \u00a0 \u00a0 \u00a0 \u00a0 \u00a0 \u00a0 \u00a0 \u00a0 \u00a0 \u00a0 \u00a0 \u00a0 \u00a0\u00a0 Horaire : \u00a0 \u00a0 \u00a0 \u00a0 \u00a0 \u00a0 \u00a0 \u00a0 \u00a0 \u00a0 \u00a0 \u00a0 \u00a0 \u00a0 \u00a0 \u00a0 \u00a0 \u00a0 \u00a0 Tarif :<\/p>\n\n\n\n\n<p style=\"text-align: center;\"><b>Marie Alice BILLON \u00a0\u00a0\u00a0\u00a0\u00a0\u00a0\u00a0 \u00a0 \u00a0\u00a0 \u00a0 \u00a0 \u00a0 \u00a0 \u00a0 \u00a0 Vendredi \u00a0 \u00a0 \u00a0 \u00a0 \u00a0 \u00a0 \u00a0 \u00a0 \u00a0 \u00a0 \u00a0 \u00a0 \u00a0 \u00a0 \u00a0 \u00a0 \u00a0 \u00a0\u00a0 95\u20ac\/an \u00a0 sauf 4 \u00e0 6 : 85\u20ac\/an\n<\/b>\n\n\n<p style=\"text-align: center;\">\u00a0\u00a0\u00a0\u00a0\u00a0\u00a0\u00a0\u00a0\u00a0\u00a0\u00a0\u00a0\u00a0 -\u00a0 4 \u00e0 6 ans de 17h \u00e0 17h45 (\u00e9veil), max 12<\/p>\n\n\n\n\n<p style=\"text-align: center;\">\u00a0\u00a0\u00a0\u00a0\u00a0\u00a0\u00a0\u00a0\u00a0\u00a0\u00a0\u00a0 - 7 \u00e0 10 ans de 17h45 \u00e0 19h, max 15<\/p>\n\n\n\n\n<p style=\"text-align: center;\">\u00a0\u00a0\u00a0\u00a0\u00a0\u00a0 - 11 \u00e0 15 ans de 19h \u00e0 20h15<\/p>\n\n\n\n\n<p style=\"text-align: center;\">\u00a0\u00a0\u00a0\u00a0\u00a0 - 16 et adulte de 20h15 \u00e0 21h30<\/p>\n\n\n\n&nbsp;\n\n\n<h4 style=\"text-align: center;\">Lieu : salle d'activit\u00e9 et salle d'activit\u00e9 du haut \u00e0 partir de 19h<\/h4>\n\n\n&nbsp;\n\n&nbsp;\n\n&nbsp;\n--><\/p>\n<table style=\"height: 239px;\" width=\"710\">\n<thead>\n<tr>\n<th class=\"td-profhorairetarif\">Enseignant<\/th>\n<th class=\"td-profhorairetarif\">Horaire<\/th>\n<th class=\"td-profhorairetarif\">Tarif<\/th>\n<th class=\"td-profhorairetarif\">Lieu<\/th>\n<\/tr>\n<\/thead>\n<tbody>\n<tr>\n<td class=\"td-profhorairetarif\" rowspan=\"5\">Andrzej Ostaszewski<\/td>\n<td class=\"td-profhorairetarif\">Lundi \u00e0 18h<\/td>\n<td class=\"td-profhorairetarif\"><\/td>\n<td class=\"td-profhorairetarif\">Salle Valenciennes<\/td>\n<\/tr>\n<tr>\n<td class=\"td-profhorairetarif\">\u00e0 partir de 13 ans, max 6<\/td>\n<td class=\"td-profhorairetarif\">120\u20ac\/an<\/td>\n<td class=\"td-profhorairetarif\" rowspan=\"2\"><\/td>\n<\/tr>\n<tr>\n<td class=\"td-profhorairetarif\"><\/td>\n<td class=\"td-profhorairetarif\"><\/td>\n<\/tr>\n<tr>\n<td class=\"td-profhorairetarif\"><\/td>\n<td class=\"td-profhorairetarif\"><\/td>\n<td class=\"td-profhorairetarif\" rowspan=\"2\"><\/td>\n<\/tr>\n<tr>\n<td class=\"td-profhorairetarif\"><\/td>\n<td class=\"td-profhorairetarif\"><\/td>\n<\/tr>\n<\/tbody>\n<\/table>\n<h3 style=\"text-align: center;\"><\/h3>\n<h3 style=\"text-align: center;\"><span style=\"text-decoration: underline;\"><span style=\"color: #ff0000; text-decoration: underline;\"><a id=\"video\"><\/a>Photos et vid\u00e9os<br \/>\n<\/span><\/span><\/h3>\n<p style=\"text-align: center;\">\n<p style=\"text-align: center;\">\n<p style=\"text-align: center;\">\n<p style=\"text-align: center;\">\n<p style=\"text-align: center;\">\n<p style=\"text-align: center;\">\n<p style=\"text-align: center;\">\n<p style=\"text-align: center;\">\n<p style=\"text-align: center;\">\n<p style=\"text-align: center;\">\n<p style=\"text-align: center;\">\n<p style=\"text-align: center;\">\n<p style=\"text-align: center;\">\n<table style=\"height: 388px;\" width=\"941\">\n<tbody>\n<tr>\n<td style=\"text-align: center;\"><\/td>\n<td style=\"text-align: center;\"><\/td>\n<\/tr>\n<\/tbody>\n<\/table>\n<p style=\"text-align: center;\">\n<table style=\"height: 388px;\" width=\"941\">\n<tbody>\n<tr>\n<td style=\"text-align: center;\"><\/td>\n<td style=\"text-align: center;\"><\/td>\n<\/tr>\n<\/tbody>\n<\/table>\n<table style=\"height: 388px;\" width=\"941\">\n<tbody>\n<tr>\n<td style=\"text-align: center;\"><\/td>\n<td style=\"text-align: center;\"><\/td>\n<\/tr>\n<\/tbody>\n<\/table>\n","protected":false},"excerpt":{"rendered":"<p>Sommaire : Pr\u00e9sentation de l&rsquo;activit\u00e9 Professeur &#8211; Horaire &#8211; Tarif Photos et vid\u00e9os Pr\u00e9sentation de l&rsquo;activit\u00e9 Saviez-vous qu\u2019avec un Smartphone,\u00a0\u00a0\u00a0 on peut r\u00e9aliser un v\u00e9ritable court-m\u00e9trage\u00a0 ! Cet atelier propose la r\u00e9alisation collective d\u2019un court-m\u00e9trage de sa conception \u00e0 sa projection : pr\u00e9sentation du projet, \u00e9criture du synopsis, d\u00e9coupage, tournage, visionnage des rushs et s\u00e9lection, <a href=\"https:\/\/lafarandole.org\/?page_id=40\" rel=\"nofollow\"><span class=\"sr-only\">En savoir plus surCin\u00e9Smart<\/span>[&hellip;]<\/a><\/p>\n","protected":false},"author":1,"featured_media":0,"parent":439,"menu_order":0,"comment_status":"open","ping_status":"open","template":"template-fullwidth.php","meta":{"ngg_post_thumbnail":0,"footnotes":""},"class_list":["post-40","page","type-page","status-publish","hentry"],"_links":{"self":[{"href":"https:\/\/lafarandole.org\/index.php?rest_route=\/wp\/v2\/pages\/40","targetHints":{"allow":["GET"]}}],"collection":[{"href":"https:\/\/lafarandole.org\/index.php?rest_route=\/wp\/v2\/pages"}],"about":[{"href":"https:\/\/lafarandole.org\/index.php?rest_route=\/wp\/v2\/types\/page"}],"author":[{"embeddable":true,"href":"https:\/\/lafarandole.org\/index.php?rest_route=\/wp\/v2\/users\/1"}],"replies":[{"embeddable":true,"href":"https:\/\/lafarandole.org\/index.php?rest_route=%2Fwp%2Fv2%2Fcomments&post=40"}],"version-history":[{"count":32,"href":"https:\/\/lafarandole.org\/index.php?rest_route=\/wp\/v2\/pages\/40\/revisions"}],"predecessor-version":[{"id":3017,"href":"https:\/\/lafarandole.org\/index.php?rest_route=\/wp\/v2\/pages\/40\/revisions\/3017"}],"up":[{"embeddable":true,"href":"https:\/\/lafarandole.org\/index.php?rest_route=\/wp\/v2\/pages\/439"}],"wp:attachment":[{"href":"https:\/\/lafarandole.org\/index.php?rest_route=%2Fwp%2Fv2%2Fmedia&parent=40"}],"curies":[{"name":"wp","href":"https:\/\/api.w.org\/{rel}","templated":true}]}}

CinéSmart

<p><a href="https://lafarandole.org/wp-content/uploads/2021/07/CinéSmart.jpeg"><img loading="lazy" decoding="async" class="wp-image-2896 size-medium aligncenter" src="https://lafarandole.org/wp-content/uploads/2021/07/CinéSmart-300x254.jpeg" alt="" width="300" height="254" srcset="https://lafarandole.org/wp-content/uploads/2021/07/CinéSmart-300x254.jpeg 300w, https://lafarandole.org/wp-content/uploads/2021/07/CinéSmart-768x650.jpeg 768w, https://lafarandole.org/wp-content/uploads/2021/07/CinéSmart.jpeg 936w" sizes="auto, (max-width: 300px) 100vw, 300px" /></a><span style="text-decoration: underline; color: #ff0000;">Sommaire :</span></p>
<ol>
<li style="text-align: left;"><a href="#presentation">Présentation de l&rsquo;activité</a></li>
<li style="text-align: left;"><a href="#prof-horaire">Professeur &#8211; Horaire &#8211; Tarif</a></li>
<li style="text-align: left;"><a href="#video">Photos et vidéos</a></li>
</ol>
<h3 style="text-align: center;"><span style="text-decoration: underline;"><span style="color: #ff0000; text-decoration: underline;"><a id="presentation"></a> Présentation de l&rsquo;activité<br />
</span></span></h3>
<p>Saviez-vous qu’avec un Smartphone,    on peut réaliser un véritable court-métrage  !</p>
<p>Cet atelier propose la réalisation collective d’un court-métrage de sa conception à sa projection :</p>
<ul>
<li>présentation du projet,</li>
<li>écriture du synopsis,</li>
<li>découpage,</li>
<li>tournage,</li>
<li>visionnage des rushs et sélection,</li>
<li>montage</li>
<li>projection publique.</li>
</ul>
<p><b>Ce collectif de création s’adresse aux jeunes à partir de 13 à 17 ans</b></p>
<p style="text-align: center;"><span style="color: #3366ff;"><strong>1ère réunion LUNDI 12 SEPTEMBRE de 18h à 19h</strong></span></p>
<h3 style="text-align: center;"><span style="text-decoration: underline;"><span style="color: #ff0000; text-decoration: underline;">Professeur &#8211; Horaire &#8211; Tarif<br />
</span></span></h3>
<p><!--
&nbsp;

&nbsp;


<p style="text-align: center;">Enseignant :                                        Horaire :                                       Tarif :</p>




<p style="text-align: center;"><b>Marie Alice BILLON                          Vendredi                                      95€/an   sauf 4 à 6 : 85€/an
</b>


<p style="text-align: center;">              -  4 à 6 ans de 17h à 17h45 (éveil), max 12</p>




<p style="text-align: center;">             - 7 à 10 ans de 17h45 à 19h, max 15</p>




<p style="text-align: center;">       - 11 à 15 ans de 19h à 20h15</p>




<p style="text-align: center;">      - 16 et adulte de 20h15 à 21h30</p>



&nbsp;


<h4 style="text-align: center;">Lieu : salle d'activité et salle d'activité du haut à partir de 19h</h4>


&nbsp;

&nbsp;

&nbsp;
--></p>
<table style="height: 239px;" width="710">
<thead>
<tr>
<th class="td-profhorairetarif">Enseignant</th>
<th class="td-profhorairetarif">Horaire</th>
<th class="td-profhorairetarif">Tarif</th>
<th class="td-profhorairetarif">Lieu</th>
</tr>
</thead>
<tbody>
<tr>
<td class="td-profhorairetarif" rowspan="5">Andrzej Ostaszewski</td>
<td class="td-profhorairetarif">Lundi à 18h</td>
<td class="td-profhorairetarif"></td>
<td class="td-profhorairetarif">Salle Valenciennes</td>
</tr>
<tr>
<td class="td-profhorairetarif">à partir de 13 ans, max 6</td>
<td class="td-profhorairetarif">120€/an</td>
<td class="td-profhorairetarif" rowspan="2"></td>
</tr>
<tr>
<td class="td-profhorairetarif"></td>
<td class="td-profhorairetarif"></td>
</tr>
<tr>
<td class="td-profhorairetarif"></td>
<td class="td-profhorairetarif"></td>
<td class="td-profhorairetarif" rowspan="2"></td>
</tr>
<tr>
<td class="td-profhorairetarif"></td>
<td class="td-profhorairetarif"></td>
</tr>
</tbody>
</table>
<h3 style="text-align: center;"></h3>
<h3 style="text-align: center;"><span style="text-decoration: underline;"><span style="color: #ff0000; text-decoration: underline;"><a id="video"></a>Photos et vidéos<br />
</span></span></h3>
<p style="text-align: center;">
<p style="text-align: center;">
<p style="text-align: center;">
<p style="text-align: center;">
<p style="text-align: center;">
<p style="text-align: center;">
<p style="text-align: center;">
<p style="text-align: center;">
<p style="text-align: center;">
<p style="text-align: center;">
<p style="text-align: center;">
<p style="text-align: center;">
<p style="text-align: center;">
<table style="height: 388px;" width="941">
<tbody>
<tr>
<td style="text-align: center;"></td>
<td style="text-align: center;"></td>
</tr>
</tbody>
</table>
<p style="text-align: center;">
<table style="height: 388px;" width="941">
<tbody>
<tr>
<td style="text-align: center;"></td>
<td style="text-align: center;"></td>
</tr>
</tbody>
</table>
<table style="height: 388px;" width="941">
<tbody>
<tr>
<td style="text-align: center;"></td>
<td style="text-align: center;"></td>
</tr>
</tbody>
</table>

<p>Sommaire : Présentation de l&rsquo;activité Professeur &#8211; Horaire &#8211; Tarif Photos et vidéos Présentation de l&rsquo;activité Saviez-vous qu’avec un Smartphone,    on peut réaliser un véritable court-métrage  ! Cet atelier propose la réalisation collective d’un court-métrage de sa conception à sa projection : présentation du projet, écriture du synopsis, découpage, tournage, visionnage des rushs et sélection, <a href="https://lafarandole.org/?page_id=40" rel="nofollow"><span class="sr-only">En savoir plus surCinéSmart</span>[&hellip;]</a></p>
